{"id":509,"date":"2023-10-20T13:50:09","date_gmt":"2023-10-20T12:50:09","guid":{"rendered":"http:\/\/www.charta.seitenwechsel-berlin.de\/?page_id=509"},"modified":"2023-10-31T18:34:23","modified_gmt":"2023-10-31T18:34:23","slug":"runder-tisch-2023","status":"publish","type":"page","link":"https:\/\/charta.seitenwechsel-berlin.de\/en\/runder-tisch-2023\/","title":{"rendered":"4. Runder Tisch \u201eGeschlechtliche Vielfalt im Sport\u201c"},"content":{"rendered":"<div class=\"vc_row wpb_row vc_row-fluid\"><div class=\"wpb_column vc_column_container vc_col-sm-12\"><div class=\"vc_column-inner\"><div class=\"wpb_wrapper\">\n\t<div class=\"wpb_text_column wpb_content_element\" >\n\t\t<div class=\"wpb_wrapper\">\n\t\t\t<p>Der 4. Runder Tisch findet am Do., 23. November 2023, 18 \u2013 20:30 Uhr (Online) statt.<\/p>\n<h3>Anmeldung 4. Runder Tisch 2023<\/h3>\n\n\t\t<\/div>\n\t<\/div>\n<\/div><\/div><\/div><\/div>\n<div class=\"wpcf7 no-js\" id=\"wpcf7-f508-o1\" lang=\"en-GB\" dir=\"ltr\" data-wpcf7-id=\"508\">\n<div class=\"screen-reader-response\"><p role=\"status\" aria-live=\"polite\" aria-atomic=\"true\"><\/p> <ul><\/ul><\/div>\n<form action=\"\/en\/wp-json\/wp\/v2\/pages\/509#wpcf7-f508-o1\" method=\"post\" class=\"wpcf7-form init\" aria-label=\"Contact form\" novalidate=\"novalidate\" data-status=\"init\" data-trp-original-action=\"\/en\/wp-json\/wp\/v2\/pages\/509#wpcf7-f508-o1\">\n<fieldset class=\"hidden-fields-container\"><input type=\"hidden\" name=\"_wpcf7\" value=\"508\" \/><input type=\"hidden\" name=\"_wpcf7_version\" value=\"6.1.5\" \/><input type=\"hidden\" name=\"_wpcf7_locale\" value=\"en_GB\" \/><input type=\"hidden\" name=\"_wpcf7_unit_tag\" value=\"wpcf7-f508-o1\" \/><input type=\"hidden\" name=\"_wpcf7_container_post\" value=\"0\" \/><input type=\"hidden\" name=\"_wpcf7_posted_data_hash\" value=\"\" \/>\n<\/fieldset>\n<p><label> Vorname (ggf. selbst gew\u00e4hlt)<br \/>\n<span class=\"wpcf7-form-control-wrap\" data-name=\"vorname\"><input size=\"40\" maxlength=\"400\" class=\"wpcf7-form-control wpcf7-text wpcf7-validates-as-required\" aria-required=\"true\" aria-invalid=\"false\" value=\"\" type=\"text\" name=\"vorname\" \/><\/span> <\/label>\n<\/p>\n<p><label> Nachname<br \/>\n<span class=\"wpcf7-form-control-wrap\" data-name=\"nachname\"><input size=\"40\" maxlength=\"400\" class=\"wpcf7-form-control wpcf7-text wpcf7-validates-as-required\" aria-required=\"true\" aria-invalid=\"false\" value=\"\" type=\"text\" name=\"nachname\" \/><\/span> <\/label>\n<\/p>\n<p><label> Pronomen<br \/>\n<span class=\"wpcf7-form-control-wrap\" data-name=\"pronomen\"><input size=\"40\" maxlength=\"400\" class=\"wpcf7-form-control wpcf7-text wpcf7-validates-as-required\" aria-required=\"true\" aria-invalid=\"false\" value=\"\" type=\"text\" name=\"pronomen\" \/><\/span> <\/label>\n<\/p>\n<p><label> Email<br \/>\n<span class=\"wpcf7-form-control-wrap\" data-name=\"email\"><input size=\"40\" maxlength=\"400\" class=\"wpcf7-form-control wpcf7-email wpcf7-validates-as-required wpcf7-text wpcf7-validates-as-email\" aria-required=\"true\" aria-invalid=\"false\" value=\"\" type=\"email\" name=\"email\" \/><\/span> <\/label>\n<\/p>\n<p><label> Organisation<br \/>\n<span class=\"wpcf7-form-control-wrap\" data-name=\"organisation\"><input size=\"40\" maxlength=\"400\" class=\"wpcf7-form-control wpcf7-text wpcf7-validates-as-required\" aria-required=\"true\" aria-invalid=\"false\" value=\"\" type=\"text\" name=\"organisation\" \/><\/span> <\/label>\n<\/p>\n<p><label> Bemerkungen\/Fragen<br \/>\n<span class=\"wpcf7-form-control-wrap\" data-name=\"bemerkungen-fragen\"><textarea cols=\"40\" rows=\"10\" maxlength=\"2000\" class=\"wpcf7-form-control wpcf7-textarea\" aria-invalid=\"false\" name=\"bemerkungen-fragen\"><\/textarea><\/span> <\/label>\n<\/p>\n<p><span class=\"wpcf7-form-control-wrap\" data-name=\"datenschutz\"><span class=\"wpcf7-form-control wpcf7-acceptance\"><span class=\"wpcf7-list-item\"><label><input type=\"checkbox\" name=\"datenschutz\" value=\"1\" aria-invalid=\"false\" \/><span class=\"wpcf7-list-item-label\">Ja, ich habe die Datenschutzerkl\u00e4rung zur Kenntnis genommen und bin damit einverstanden, dass die von mir angegebenen Daten elektronisch erhoben und gespeichert werden. Meine Daten werden dabei nur streng zweckgebunden zur Bearbeitung und Beantwortung meiner Anfrage benutzt. Mit dem Absenden des Kontaktformulars erkl\u00e4re ich mich mit der Verarbeitung einverstanden.<\/span><\/label><\/span><\/span><\/span>\n<\/p>\n<p><input class=\"wpcf7-form-control wpcf7-submit has-spinner\" type=\"submit\" value=\"Anmelden\" \/>\n<\/p>\n<div class=\"wpcf7-turnstile cf-turnstile\" data-sitekey=\"0x4AAAAAACy8RF0FfY1cZ9TA\" data-response-field-name=\"_wpcf7_turnstile_response\"><\/div><p style=\"display: none !important;\" class=\"akismet-fields-container\" data-prefix=\"_wpcf7_ak_\"><label>&#916;<textarea name=\"_wpcf7_ak_hp_textarea\" cols=\"45\" rows=\"8\" maxlength=\"100\"><\/textarea><\/label><input type=\"hidden\" id=\"ak_js_1\" name=\"_wpcf7_ak_js\" value=\"167\"\/><script>document.getElementById( \"ak_js_1\" ).setAttribute( \"value\", ( new Date() ).getTime() );<\/script><\/p><div class=\"wpcf7-response-output\" aria-hidden=\"true\"><\/div>\n<input type=\"hidden\" name=\"trp-form-language\" value=\"en\"\/><\/form>\n<\/div>\n<div class=\"vc_row wpb_row vc_row-fluid\"><div class=\"wpb_column vc_column_container vc_col-sm-12\"><div class=\"vc_column-inner\"><div class=\"wpb_wrapper\">\n\t<div class=\"wpb_text_column wpb_content_element\" >\n\t\t<div class=\"wpb_wrapper\">\n\t\t\t<div>\n<hr \/>\n<\/div>\n<div>Liebe Sportverantwortliche, liebe Sportler*innen, liebe Expert_innen,<\/div>\n<div><\/div>\n<div>wir freuen uns, euch zu unserem n\u00e4chsten\u00a0<strong>Runden Tisch<\/strong> zum Thema <strong>\u201cGeschlechtliche Vielfalt bei Sportveranstaltungen\u201d<\/strong> einzuladen.<\/div>\n<div><\/div>\n<div>Bei diesem Runden Tisch werden wir uns damit befassen,<\/div>\n<ul>\n<li>wie bereits in der Planungsphase geschlechtliche Vielfalt \u00a0ber\u00fccksichtigt werden sollte und k\u00f6nnte,<\/li>\n<li>wie kleine Details einen gro\u00dfen Unterschied machen k\u00f6nnen bei der Verwendung inklusiver Sprache und effektiver Beschilderung von R\u00e4umen,<\/li>\n<li>wie diskriminierenden Vorf\u00e4llen begegnet werden kann: vor, w\u00e4hrend und nach der Veranstaltung durch Ehrenamtliche und Mitarbeitende bis hin zu den verantwortlichen Organisator_innen. Die effektive Kommunikation wird eine zentrale Rolle spielen und zeigen wie sowohl mit den Betroffenen von Diskriminierung als auch mit denjenigen, die Diskriminierung f\u00f6rdern, kommuniziert werden kann.<\/li>\n<\/ul>\n<div>Unser Ziel ist es, einen Raum zu schaffen, in dem alle Teilnehmenden ihre wertvollen Kenntnisse und Erfahrungen teilen k\u00f6nnen. Wir hoffen, dass ihr eure Perspektive in die Diskussion einbringt und mit uns daran arbeitet, geschlechterinklusive Veranstaltungen zu entwickeln! Gerade vor dem Hintergrund von exkludierenden Regularien, die k\u00fcrzlich von verschiedenen internationalen Sportverb\u00e4nden verabschiedet worden sind, k\u00f6nnen wir mindestens im Breitensport gemeinsam einen Unterschied machen.<\/div>\n<div><\/div>\n<div><\/div>\n<div>\n<div><strong>Veranstaltungsdetails:<\/strong><\/div>\n<div>Datum: <strong>23. November 2023<\/strong><\/div>\n<div>Uhrzeit: <strong>18:00 Uhr<\/strong><\/div>\n<div>Ort: Online \u00fcber <strong>Zoom<br \/>\n<strong><br \/>\n<\/strong><\/strong><\/div>\n<div>\n<div>Falls ihr Fragen habt oder zus\u00e4tzliche Informationen ben\u00f6tigt, z\u00f6gert nicht, uns unter folgenden Kontaktdaten zu erreichen: <a class=\"mailto-link\" href=\"mailto:tin-strukturen@seitenwechsel-berlin.de\" target=\"_blank\" rel=\"noopener\">tin-strukturen@seitenwechsel-berlin.de<\/a><\/div>\n<div><\/div>\n<div>Wir hoffen auf eure Teilnahme bei dieser interessanten Veranstaltung!<\/div>\n<div><\/div>\n<div>Euer Charta-Team!<\/div>\n<div>Conny-Hendrik Sch\u00e4licke,\u00a0Martin Mu\u00f1oz,\u00a0Andy Gensel<\/div>\n<div><\/div>\n<\/div>\n<\/div>\n<p>Sponsored by the Berlin Senate Department for the Interior and Sport (Teilhabeprogram)<\/p>\n\n\t\t<\/div>\n\t<\/div>\n<\/div><\/div><\/div><\/div>","protected":false},"excerpt":{"rendered":"Der 4. Runder Tisch findet am Do., 23. November 2023, 18 \u2013 20:30 Uhr (Online) statt. Anmeldung 4. Runder Tisch 2023 Vorname (ggf. selbst gew\u00e4hlt) Nachname Pronomen Email Organisation Bemerkungen\/Fragen Ja, ich habe die Datenschutzerkl\u00e4rung zur Kenntnis genommen und bin damit einverstanden, dass die von mir angegebenen Daten elektronisch erhoben und gespeichert werden. Meine Daten&hellip;","protected":false},"author":1,"featured_media":0,"parent":0,"menu_order":0,"comment_status":"closed","ping_status":"closed","template":"templates\/no-sidebar.php","meta":{"footnotes":""},"class_list":["post-509","page","type-page","status-publish","hentry","entry","no-media"],"_links":{"self":[{"href":"https:\/\/charta.seitenwechsel-berlin.de\/en\/wp-json\/wp\/v2\/pages\/509","targetHints":{"allow":["GET"]}}],"collection":[{"href":"https:\/\/charta.seitenwechsel-berlin.de\/en\/wp-json\/wp\/v2\/pages"}],"about":[{"href":"https:\/\/charta.seitenwechsel-berlin.de\/en\/wp-json\/wp\/v2\/types\/page"}],"author":[{"embeddable":true,"href":"https:\/\/charta.seitenwechsel-berlin.de\/en\/wp-json\/wp\/v2\/users\/1"}],"replies":[{"embeddable":true,"href":"https:\/\/charta.seitenwechsel-berlin.de\/en\/wp-json\/wp\/v2\/comments?post=509"}],"version-history":[{"count":15,"href":"https:\/\/charta.seitenwechsel-berlin.de\/en\/wp-json\/wp\/v2\/pages\/509\/revisions"}],"predecessor-version":[{"id":532,"href":"https:\/\/charta.seitenwechsel-berlin.de\/en\/wp-json\/wp\/v2\/pages\/509\/revisions\/532"}],"wp:attachment":[{"href":"https:\/\/charta.seitenwechsel-berlin.de\/en\/wp-json\/wp\/v2\/media?parent=509"}],"curies":[{"name":"wp","href":"https:\/\/api.w.org\/{rel}","templated":true}]}}

<div class="vc_row wpb_row vc_row-fluid"><div class="wpb_column vc_column_container vc_col-sm-12"><div class="vc_column-inner"><div class="wpb_wrapper">
	<div class="wpb_text_column wpb_content_element" >
		<div class="wpb_wrapper">
			<p>Der 4. Runder Tisch findet am Do., 23. November 2023, 18 – 20:30 Uhr (Online) statt.</p>
<h3>Anmeldung 4. Runder Tisch 2023</h3>

		</div>
	</div>
</div></div></div></div>
<div class="wpcf7 no-js" id="wpcf7-f508-o1" lang="en-GB" dir="ltr" data-wpcf7-id="508">
<div class="screen-reader-response"><p role="status" aria-live="polite" aria-atomic="true"></p> <ul></ul></div>
<form action="/en/wp-json/wp/v2/pages/509#wpcf7-f508-o1" method="post" class="wpcf7-form init" aria-label="Contact form" novalidate="novalidate" data-status="init" data-trp-original-action="/en/wp-json/wp/v2/pages/509#wpcf7-f508-o1">
<fieldset class="hidden-fields-container"><input type="hidden" name="_wpcf7" value="508" /><input type="hidden" name="_wpcf7_version" value="6.1.5" /><input type="hidden" name="_wpcf7_locale" value="en_GB" /><input type="hidden" name="_wpcf7_unit_tag" value="wpcf7-f508-o1" /><input type="hidden" name="_wpcf7_container_post" value="0" /><input type="hidden" name="_wpcf7_posted_data_hash" value="" />
</fieldset>
<p><label> Vorname (ggf. selbst gewählt)<br />
<span class="wpcf7-form-control-wrap" data-name="vorname"><input size="40" maxlength="400" class="wpcf7-form-control wpcf7-text wpcf7-validates-as-required" aria-required="true" aria-invalid="false" value="" type="text" name="vorname" /></span> </label>
</p>
<p><label> Nachname<br />
<span class="wpcf7-form-control-wrap" data-name="nachname"><input size="40" maxlength="400" class="wpcf7-form-control wpcf7-text wpcf7-validates-as-required" aria-required="true" aria-invalid="false" value="" type="text" name="nachname" /></span> </label>
</p>
<p><label> Pronomen<br />
<span class="wpcf7-form-control-wrap" data-name="pronomen"><input size="40" maxlength="400" class="wpcf7-form-control wpcf7-text wpcf7-validates-as-required" aria-required="true" aria-invalid="false" value="" type="text" name="pronomen" /></span> </label>
</p>
<p><label> Email<br />
<span class="wpcf7-form-control-wrap" data-name="email"><input size="40" maxlength="400" class="wpcf7-form-control wpcf7-email wpcf7-validates-as-required wpcf7-text wpcf7-validates-as-email" aria-required="true" aria-invalid="false" value="" type="email" name="email" /></span> </label>
</p>
<p><label> Organisation<br />
<span class="wpcf7-form-control-wrap" data-name="organisation"><input size="40" maxlength="400" class="wpcf7-form-control wpcf7-text wpcf7-validates-as-required" aria-required="true" aria-invalid="false" value="" type="text" name="organisation" /></span> </label>
</p>
<p><label> Bemerkungen/Fragen<br />
<span class="wpcf7-form-control-wrap" data-name="bemerkungen-fragen"><textarea cols="40" rows="10" maxlength="2000" class="wpcf7-form-control wpcf7-textarea" aria-invalid="false" name="bemerkungen-fragen"></textarea></span> </label>
</p>
<p><span class="wpcf7-form-control-wrap" data-name="datenschutz"><span class="wpcf7-form-control wpcf7-acceptance"><span class="wpcf7-list-item"><label><input type="checkbox" name="datenschutz" value="1" aria-invalid="false" /><span class="wpcf7-list-item-label">Ja, ich habe die Datenschutzerklärung zur Kenntnis genommen und bin damit einverstanden, dass die von mir angegebenen Daten elektronisch erhoben und gespeichert werden. Meine Daten werden dabei nur streng zweckgebunden zur Bearbeitung und Beantwortung meiner Anfrage benutzt. Mit dem Absenden des Kontaktformulars erkläre ich mich mit der Verarbeitung einverstanden.</span></label></span></span></span>
</p>
<p><input class="wpcf7-form-control wpcf7-submit has-spinner" type="submit" value="Anmelden" />
</p>
<div class="wpcf7-turnstile cf-turnstile" data-sitekey="0x4AAAAAACy8RF0FfY1cZ9TA" data-response-field-name="_wpcf7_turnstile_response"></div><p style="display: none !important;" class="akismet-fields-container" data-prefix="_wpcf7_ak_"><label>&#916;<textarea name="_wpcf7_ak_hp_textarea" cols="45" rows="8" maxlength="100"></textarea></label><input type="hidden" id="ak_js_1" name="_wpcf7_ak_js" value="167"/><script>document.getElementById( "ak_js_1" ).setAttribute( "value", ( new Date() ).getTime() );</script></p><div class="wpcf7-response-output" aria-hidden="true"></div>
<input type="hidden" name="trp-form-language" value="en"/></form>
</div>
<div class="vc_row wpb_row vc_row-fluid"><div class="wpb_column vc_column_container vc_col-sm-12"><div class="vc_column-inner"><div class="wpb_wrapper">
	<div class="wpb_text_column wpb_content_element" >
		<div class="wpb_wrapper">
			<div>
<hr />
</div>
<div>Liebe Sportverantwortliche, liebe Sportler*innen, liebe Expert_innen,</div>
<div></div>
<div>wir freuen uns, euch zu unserem nächsten <strong>Runden Tisch</strong> zum Thema <strong>“Geschlechtliche Vielfalt bei Sportveranstaltungen”</strong> einzuladen.</div>
<div></div>
<div>Bei diesem Runden Tisch werden wir uns damit befassen,</div>
<ul>
<li>wie bereits in der Planungsphase geschlechtliche Vielfalt  berücksichtigt werden sollte und könnte,</li>
<li>wie kleine Details einen großen Unterschied machen können bei der Verwendung inklusiver Sprache und effektiver Beschilderung von Räumen,</li>
<li>wie diskriminierenden Vorfällen begegnet werden kann: vor, während und nach der Veranstaltung durch Ehrenamtliche und Mitarbeitende bis hin zu den verantwortlichen Organisator_innen. Die effektive Kommunikation wird eine zentrale Rolle spielen und zeigen wie sowohl mit den Betroffenen von Diskriminierung als auch mit denjenigen, die Diskriminierung fördern, kommuniziert werden kann.</li>
</ul>
<div>Unser Ziel ist es, einen Raum zu schaffen, in dem alle Teilnehmenden ihre wertvollen Kenntnisse und Erfahrungen teilen können. Wir hoffen, dass ihr eure Perspektive in die Diskussion einbringt und mit uns daran arbeitet, geschlechterinklusive Veranstaltungen zu entwickeln! Gerade vor dem Hintergrund von exkludierenden Regularien, die kürzlich von verschiedenen internationalen Sportverbänden verabschiedet worden sind, können wir mindestens im Breitensport gemeinsam einen Unterschied machen.</div>
<div></div>
<div></div>
<div>
<div><strong>Veranstaltungsdetails:</strong></div>
<div>Datum: <strong>23. November 2023</strong></div>
<div>Uhrzeit: <strong>18:00 Uhr</strong></div>
<div>Ort: Online über <strong>Zoom<br />
<strong><br />
</strong></strong></div>
<div>
<div>Falls ihr Fragen habt oder zusätzliche Informationen benötigt, zögert nicht, uns unter folgenden Kontaktdaten zu erreichen: <a class="mailto-link" href="mailto:tin-strukturen@seitenwechsel-berlin.de" target="_blank" rel="noopener">tin-strukturen@seitenwechsel-berlin.de</a></div>
<div></div>
<div>Wir hoffen auf eure Teilnahme bei dieser interessanten Veranstaltung!</div>
<div></div>
<div>Euer Charta-Team!</div>
<div>Conny-Hendrik Schälicke, Martin Muñoz, Andy Gensel</div>
<div></div>
</div>
</div>
<p>Sponsored by the Berlin Senate Department for the Interior and Sport (Teilhabeprogram)</p>

		</div>
	</div>
</div></div></div></div>

Der 4. Runder Tisch findet am Do., 23. November 2023, 18 – 20:30 Uhr (Online) statt. Anmeldung 4. Runder Tisch 2023 Vorname (ggf. selbst gewählt) Nachname Pronomen Email Organisation Bemerkungen/Fragen Ja, ich habe die Datenschutzerklärung zur Kenntnis genommen und bin damit einverstanden, dass die von mir angegebenen Daten elektronisch erhoben und gespeichert werden. Meine Daten&hellip;
